= g**3 - 10*g**2 - 15*g + 6. Calculate k(11).
-38
Let f(b) = -2*b**2 + 14*b + 11. Determine f(8).
-5
Let y(l) = l**2 - 10*l + 11. What is y(8)?
-5
Let s(z) = -z**3 - 13*z**2 + 18*z + 19. Determine s(-14).
-37
Let m(u) = -12*u - 106. What is m(-8)?
-10
Let i(d) = -d**2 + 12*d - 10. Determine i(6).
26
Let h(z) = -z**2 - 9*z + 40. What is h(-12)?
4
Let a(h) = 4*h + 85. What is a(-25)?
-15
Let r(p) = p**3 - 6*p**2 + 2*p + 7. Determine r(5).
-8
Let p(k) = k**3 + 8*k**2 - 15*k - 12. Give p(-9).
42
Let z(x) = -87*x + 516. What is z(6)?
-6
Let i(l) = l**3 - 2*l**2 - 12*l + 11. Calculate i(5).
26
Let m(s) = -15*s - 96. Give m(-6).
-6
Let b(z) = -10*z**3 + z**2 - 12*z - 13. Give b(-1).
10
Let w(s) = -20*s - 36. Determine w(-12).
204
Let i(w) = -w**3 - 22*w**2 + 280*w + 30. Give i(-31).
-1
Let g(j) = j**3 - 8*j**2 - 16*j + 118. Calculate g(8).
-10
Let c(b) = -b**3 + 28*b**2 + 30*b + 29. Give c(29).
58
Let i(y) = -16*y**2 + 2*y + 3. Determine i(-2).
-65
Let l(d) = 29*d - 1. Determine l(-1).
-30
Let p(z) = z**3 - 6*z**2 - 5*z + 5. Calculate p(7).
19
Let o(j) = 4*j + 2. Determine o(-2).
-6
Let i(s) = -4*s - 3. What is i(-6)?
21
Let i(m) = m**3 - 15*m**2 + 11*m + 44. What is i(14)?
2
Let o(h) = -h**3 + 9*h**2 - 9*h + 8. Calculate o(8).
0
Let i(q) = 3*q - 1. Determine i(-2).
-7
Let n(o) = -2*o - 46. What is n(-22)?
-2
Let c(v) = -v**3 + 3*v**2 - 10*v + 9. Give c(0).
9
Let p(z) = -z**3 + 5*z**2 + 6*z + 5. Calculate p(7).
-51
Let u(l) = l**3 + 4*l**2 - 11*l + 4. Calculate u(-6).
-2
Let f(b) = 2*b**2 + 33*b + 77. Determine f(-3).
-4
Let r(h) = -19*h**3 + h + 1. Determine r(-1).
19
Let x(v) = 2*v**2 - 7*v + 5. Determine x(3).
2
Let s(n) = -n**3 + 5*n**2 + 9*n - 3. What is s(6)?
15
Let t(a) = 24*a + 85. Give t(-5).
-35
Let q(s) = s**3 + 4*s**2 + s. Calculate q(-3).
6
Let n(z) = z**3 - 2*z**2 + 12*z + 2. Determine n(0).
2
Let k(b) = b**3 + 21*b**2 + 23*b + 40. Calculate k(-20).
-20
Let n(t) = 5*t - 25. Give n(5).
0
Let k(i) = i**3 + 9*i**2 - 3*i + 13. What is k(-10)?
-57
Let x(j) = 2*j + 27. Determine x(-14).
-1
Let c(a) = 2*a + 3. Calculate c(-5).
-7
Let c(n) = 25*n - 2. Give c(1).
23
Let m(a) = -a + 12. What is m(17)?
-5
Let y(p) = -p - 4. Calculate y(-12).
8
Let u(o) = o**3 - 3*o**2 + 9*o - 6. Calculate u(5).
89
Let w(f) = 2*f - 67. What is w(-20)?
-107
Let w(q) = 5*q**3 - 2*q**2 + 3*q - 1. Give w(2).
37
Let l(j) = 42*j**3 - 3*j**2 - j + 1. Calculate l(-1).
-43
Let h(q) = 6*q + 69. Calculate h(-16).
-27
Let u(x) = -3*x**3 + 1. What is u(-1)?
4
Let c(n) = n**2 + 8*n - 10. What is c(-9)?
-1
Let z(a) = -5*a**3 - a**2 + a. Give z(1).
-5
Let x(i) = 10*i + 217. Give x(-26).
-43
Let t(o) = 3*o**3 + 23*o**2 - 12*o - 12. What is t(-8)?
20
Let w(n) = -4*n - 117. What is w(-23)?
-25
Let j(l) = -l**2 - 20. What is j(0)?
-20
Let r(l) = -3*l**2 + 24*l - 41. What is r(4)?
7
Let b(a) = a**3 + 39*a**2 + 71*a - 111. Determine b(-37).
0
Let s(w) = -3*w**2 + 34*w - 13. What is s(11)?
-2
Let g(q) = -q**3 - 8*q**2 + 8*q + 113. What is g(-7)?
8
Let d(x) = -x**3 - 2*x**2 + 5*x + 3. Calculate d(-4).
15
Let h(t) = 9*t**3 - 7*t**2 - 9*t - 1. Give h(-1).
-8
Let b(u) = -u - 13. Calculate b(0).
-13
Let y(g) = -14*g - 10. Determine y(6).
-94
Let c(t) = t**2 + 2*t - 3. Give c(3).
12
Let t(z) = -2*z - 12. Calculate t(-6).
0
Let f(s) = 2*s**3 - 3*s**2 - 10*s + 3. What is f(-2)?
-5
Let n(d) = -d**3 + 18*d**2 - 11*d + 13. Calculate n(17).
115
Let v(h) = h + 25. Calculate v(-8).
17
Let c(g) = 141*g - 272. Determine c(2).
10
Let n(g) = -2*g**2 + 17*g + 12. Calculate n(9).
3
Let z(f) = -24*f**3 + 2*f**2 - 2*f + 2. Give z(1).
-22
Let c(k) = 4*k**2 - 11*k + 3. Calculate c(8).
171
Let x(t) = -t - 17. Determine x(-2).
-15
Let a(o) = 53*o - 220. Calculate a(4).
-8
Let r(s) = s**3 + 14*s**2 + 13*s - 28. Give r(-13).
-28
Let a(k) = -k**3 - 18*k**2 - 21*k - 33. Calculate a(-17).
35
Let y(b) = -b**2 - 10*b - 8. Calculate y(-8).
8
Let z(l) = -3*l**3 - 2*l**2 + l + 1. Determine z(-2).
15
Let i(x) = x**3 - 15*x**2 - 48*x - 7. Calculate i(18).
101
Let t(a) = 4*a**2 + 7*a - 7. What is t(-3)?
8
Let y(p) = -9*p - 7. What is y(-2)?
11
Let d(a) = -a**2 + 14*a + 17. Determine d(14).
17
Let v(g) = 6*g**3 + g**2 + 2*g - 2. Determine v(1).
7
Let r(s) = 16*s - 9. Determine r(7).
103
Let n(i) = 8*i - 10. Calculate n(3).
14
Let g(r) = -51*r**3 - r**2 + 2*r - 1. Calculate g(1).
-51
Let b(m) = -m**2 - 12*m - 12. Determine b(-11).
-1
Let k(y) = 3*y - 17. Calculate k(8).
7
Let s(j) = j**2 - 11*j + 12. Give s(14).
54
Let d(m) = m**2 - 4*m - 6. Calculate d(0).
-6
Let l(s) = s**2 + 29*s - 9. Determine l(-27).
-63
Let j(i) = -34*i + 102. Give j(3).
0
Let n(g) = g**3 - 5*g**2 - 5. What is n(2)?
-17
Let u(z) = -z**3 - 20*z**2 + 10*z + 203. Give u(-20).
3
Let j(q) = -4*q + 16. Determine j(2).
8
Let j(g) = -g + 11. Determine j(8).
3
Let k(j) = 3*j - 10. Give k(5).
5
Let u(q) = 2*q**3 - 12*q**2 + 3*q + 29. Determine u(5).
-6
Let u(q) = q**2 - 11*q - 32. What is u(13)?
-6
Let d(g) = -g**3 - 9*g**2 - 6*g + 10. Determine d(-8).
-6
Let v(y) = -y**2 - 10*y + 53. Give v(-16).
-43
Let t(o) = 10*o - 9. Calculate t(1).
1
Let x(c) = c**2 + 5*c + 6. Determine x(-6).
12
Let d(v) = -33*v**3 + 2*v - 2. Give d(1).
-33
Let n(x) = x**2 - 2*x - 14. Determine n(0).
-14
Let w(d) = d**2 + 6. Calculate w(0).
6
Let p(j) = j**3 + 5*j**2 + 3*j. Determine p(-4).
4
Let c(d) = 29*d**2 - 40*d - 1. Calculate c(1).
-12
Let v(f) = -2*f**3 - 3*f**2 - f - 4. What is v(-3)?
26
Let u(r) = -r**2 - 10*r + 10. What is u(-14)?
-46
Let q(k) = 46*k**2 - k + 1. Give q(1).
46
Let n(h) = -7*h + 3. Give n(1).
-4
Let i(f) = -f**2 + 13*f - 36. Determine i(10).
-6
Let y(n) = -n**2 + 14*n - 5. What is y(16)?
-37
Let l(a) = -4*a - 38. What is l(-12)?
10
Let p(n) = n**2 + 8*n - 12. What is p(-9)?
-3
Let b(w) = w**2 + 9*w + 12. Give b(-5).
-8
Let w(u) = 5*u - 76. Calculate w(16).
4
Let q(i) = i**2 + 33*i + 117. Calculate q(-4).
1
Let j(q) = -q**3 + 5*q + 3. What is j(-2)?
1
Let d(a) = a + 13. What is d(0)?
13
Let h(d) = d**3 + 2*d**2 - d + 1. What is h(-2)?
3
Let p(m) = 2*m**2 - 23*m - 12. Calculate p(12).
0
Let k(i) = i**3 + i**2 + i + 32. What is k(0)?
32
Let r(d) = -3*d - 8. Determine r(-5).
7
Let k(b) = b**2 + 21*b + 86. Determine k(-7).
-12
Let m(g) = -11*g - 117. Give m(-8).
-29
Let f(y) = -19*y. Give f(1).
-19
Let v(h) = h + 2. Determine v(-6).
-4
Let d(b) = b**2 + 8*b - 16. What is d(-7)?
-23
Let v(s) = -4*s**2 + 14*s + 11. Determine v(5).
-19
Let n(o) = -o**3 + 3*o**2 - 1. Calculate n(1).
1
Let s(w) = 3*w + 52. Give s(-19).
-5
Let t(x) = x - 12. What is t(3)?
-9
Let t(m) = 4*m + 3. Calculate t(4).
19
Let m(x) = -9*x - 1. Determine m(-1).
8
Let x(p) = -3*p**2 + 3*p + 5. Give x(4).
-31
Let p(w) = 8*w + 157. Give p(-19).
5
Let n(c) = 5*c - 8. What is n(4)?
12
Let s(a) = 23*a - 29. Determine s(-5).
-144
Let x(l) = 6*l**2 - 201*l - 99. Determine x(34).
3
Let n(y) = -2*y**2 + 7*y - 7. What is n(5)?
-22
Let n(q) = q**3 + 6*q**2 - 9*q - 2. What is n(-7)?
12
Let n(l) = -l**2 - 6*l - 4. Calculate n(-4).
4
Let d(m) = 11*m**2 - 6*m - 4. Calculate d(-3).
113
Let g(d) = -3*d**2 - 19*d + 5. What is g(-7)?
-9
Let w(a) = -14*a - 84. What is w(-3)?
-42
Let t(s) = s + 20. Determine t(-7).
13
Let b(d) = d + 3. Determine b(-8).
-5
Let n(v) = -v**3 + 31*v + 22. Calculate n(-5).
-8
Let r(v) = -v**3 + 4*v**2 + 8*v - 6. Calculate r(5).
9
Let c(g) = -49*g - 4. What is c(-1)?
45
Let i(v) = v**3 + 18*v**2 - 22*v - 46. Give i(-19).
11
Let a(t) = -t**2 + 10*t + 32. Give a(12).
8
Let j(r) = -4*r**3 + 5*r**2 + r - 2. What is j(2)?
-12
Let k(r) = 24*r - 112. Give k(5).
8
Let b(f) = -22*f + 3. Give b(2).
-41
Let y(d) = 38*d + 119. Determine y(-3).
5
Let d(q) = -2*q + 27. Calculate d(11).
5
Let p(x) = x**2 + 31*x + 138. Determine p(-17).
-100
Let k(y) = -y**3 + 13*y**2 + 13*y + 5. Calculate k(14).
-9
Let f(h) = h**2 + 4*h - 2. Calculate f(-4).
-2
Let l(s) = 31*s**3 + 5*s**2 + 3*s. What is l(-1)?
-29
Let n(r) = -r**2 + r + 91. Give n(9).
19
Let q(u) = -u**3 + 10*u**2 - 15*u - 2. Determine q(8).
6
Let d(o) = -o - 15. Give d(14).
-29
Let f(h) = -6*h**3 + h**2 + h - 3. What is f(-2)?
47
Let f(c) = 10*c - 17. Calculate f(0).
-17
Let t(f) = f**3 - 17*f**2 - 22*f + 36. Calculate t(18).
-36
Let b(y) = y**3 - y**2 - 3*y + 2. What is b(-3)?
-25
Let w(t) = -2*t**3 + 4*t**2 + t - 3. Calculate w(-2).
27
Let k(p) = -p**3 - 